{"id":308,"date":"2023-09-11T11:51:14","date_gmt":"2023-09-11T11:51:14","guid":{"rendered":"https:\/\/clubnauticoderota.com\/?page_id=308"},"modified":"2025-01-24T18:01:05","modified_gmt":"2025-01-24T18:01:05","slug":"webcam-rota","status":"publish","type":"page","link":"https:\/\/clubnauticoderota.com\/index.php\/webcam-rota\/","title":{"rendered":"Meteo Rota"},"content":{"rendered":"\n<figure class=\"wp-block-image size-full\"><img loading=\"lazy\" decoding=\"async\" width=\"300\" height=\"55\" src=\"https:\/\/clubnauticoderota.com\/wp-content\/uploads\/2023\/09\/image-2.png\" alt=\"\" class=\"wp-image-313\"\/><\/figure>\n\n\n\n<iframe loading=\"lazy\" width=\"100%\" height=\"480\" src=\"https:\/\/rtsp.me\/embed\/D8E2ZA6Z\/\" frameborder=\"0\" allowfullscreen=\"\"><\/iframe>\n\n\n\n<p>Webcam <strong>Playa del Chorrillo<\/strong> y <strong>Puerto deportivo de Rota<\/strong><\/p>\n\n\n\n<hr class=\"wp-block-separator has-alpha-channel-opacity\"\/>\n\n\n\n<h2 class=\"wp-block-heading\">Estaci\u00f3n meteorol\u00f3gica<\/h2>\n\n\n\n<iframe loading=\"lazy\" width=\"100%\" height=\"1200px\" src=\"https:\/\/www.puertosdeandalucia.es\/meteo\/meteo9\/temperatura&#038;humedad.htm\" frameborder=\"0\"><\/iframe>\n\n\n\n<iframe loading=\"lazy\" width=\"100%\" height=\"1400px\" src=\"https:\/\/www.puertosdeandalucia.es\/meteo\/meteo9\/presion&#038;viento.htm\" frameborder=\"0\"><\/iframe>\n\n\n\n<hr class=\"wp-block-separator has-alpha-channel-opacity\"\/>\n\n\n\n<h2 class=\"wp-block-heading\">Previsi\u00f3n<\/h2>\n\n\n\n<script src=\"https:\/\/es.windfinder.com\/widget\/forecast\/js\/puerto_deportivo_de_rota_andalusia_spain?unit_wave=m&#038;unit_rain=mm&#038;unit_temperature=c&#038;unit_wind=kts&#038;unit_pressure=hPa&#038;days=3&#038;show_day=1\"><\/script><noscript><a rel=\"nofollow\" href=\"https:\/\/www.windfinder.com\/forecast\/puerto_deportivo_de_rota_andalusia_spain?utm_source=forecast&#038;utm_medium=web&#038;utm_campaign=homepageweather&#038;utm_content=noscript-forecast\">Wind forecast for Puerto Deportivo de Rota<\/a> provided by <a rel=\"nofollow\" href=\"https:\/\/www.windfinder.com?utm_source=forecast&#038;utm_medium=web&#038;utm_campaign=homepageweather&#038;utm_content=noscript-logo\">windfinder.com<\/a><\/noscript>\n","protected":false},"excerpt":{"rendered":"<p>Webcam Playa del Chorrillo y Puerto deportivo de Rota Estaci\u00f3n meteorol\u00f3gica Previsi\u00f3n Wind forecast for Puerto Deportivo de Rota provided&hellip;<\/p>\n","protected":false},"author":1,"featured_media":0,"parent":0,"menu_order":0,"comment_status":"closed","ping_status":"closed","template":"","meta":{"_monsterinsights_skip_tracking":false,"_monsterinsights_sitenote_active":false,"_monsterinsights_sitenote_note":"","_monsterinsights_sitenote_category":0,"footnotes":""},"class_list":["post-308","page","type-page","status-publish","hentry"],"yoast_head":"<!-- This site is optimized with the Yoast SEO plugin v20.8 - https:\/\/yoast.com\/wordpress\/plugins\/seo\/ -->\n<title>Meteo Rota - Club N\u00e1utico de Rota<\/title>\n<meta name=\"description\" content=\"WebCam en Rota, situada en el Hotel Playa de la Luz. Webcam, Rota, C\u00e1diz. Webcam en tiempo real en Rota.\" \/>\n<meta name=\"robots\" content=\"index, follow, max-snippet:-1, max-image-preview:large, max-video-preview:-1\" \/>\n<link rel=\"canonical\" href=\"https:\/\/clubnauticoderota.com\/index.php\/webcam-rota\/\" \/>\n<meta property=\"og:locale\" content=\"es_ES\" \/>\n<meta property=\"og:type\" content=\"article\" \/>\n<meta property=\"og:title\" content=\"Meteo Rota - Club N\u00e1utico de Rota\" \/>\n<meta property=\"og:description\" content=\"WebCam en Rota, situada en el Hotel Playa de la Luz. Webcam, Rota, C\u00e1diz. Webcam en tiempo real en Rota.\" \/>\n<meta property=\"og:url\" content=\"https:\/\/clubnauticoderota.com\/index.php\/webcam-rota\/\" \/>\n<meta property=\"og:site_name\" content=\"Club N\u00e1utico de Rota\" \/>\n<meta property=\"article:publisher\" content=\"https:\/\/www.facebook.com\/clubnauticoderota.nauticoderota\" \/>\n<meta property=\"article:modified_time\" content=\"2025-01-24T18:01:05+00:00\" \/>\n<meta property=\"og:image\" content=\"https:\/\/clubnauticoderota.com\/wp-content\/uploads\/2023\/09\/image-2.png\" \/>\n<meta name=\"twitter:card\" content=\"summary_large_image\" \/>\n<meta name=\"twitter:site\" content=\"@ClubNauticoRota\" \/>\n<meta name=\"twitter:label1\" content=\"Tiempo de lectura\" \/>\n\t<meta name=\"twitter:data1\" content=\"1 minuto\" \/>\n<script type=\"application\/ld+json\" class=\"yoast-schema-graph\">{\"@context\":\"https:\/\/schema.org\",\"@graph\":[{\"@type\":\"WebPage\",\"@id\":\"https:\/\/clubnauticoderota.com\/index.php\/webcam-rota\/\",\"url\":\"https:\/\/clubnauticoderota.com\/index.php\/webcam-rota\/\",\"name\":\"Meteo Rota - Club N\u00e1utico de Rota\",\"isPartOf\":{\"@id\":\"https:\/\/clubnauticoderota.com\/#website\"},\"datePublished\":\"2023-09-11T11:51:14+00:00\",\"dateModified\":\"2025-01-24T18:01:05+00:00\",\"description\":\"WebCam en Rota, situada en el Hotel Playa de la Luz. Webcam, Rota, C\u00e1diz. Webcam en tiempo real en Rota.\",\"breadcrumb\":{\"@id\":\"https:\/\/clubnauticoderota.com\/index.php\/webcam-rota\/#breadcrumb\"},\"inLanguage\":\"es\",\"potentialAction\":[{\"@type\":\"ReadAction\",\"target\":[\"https:\/\/clubnauticoderota.com\/index.php\/webcam-rota\/\"]}]},{\"@type\":\"BreadcrumbList\",\"@id\":\"https:\/\/clubnauticoderota.com\/index.php\/webcam-rota\/#breadcrumb\",\"itemListElement\":[{\"@type\":\"ListItem\",\"position\":1,\"name\":\"Portada\",\"item\":\"https:\/\/clubnauticoderota.com\/\"},{\"@type\":\"ListItem\",\"position\":2,\"name\":\"Meteo Rota\"}]},{\"@type\":\"WebSite\",\"@id\":\"https:\/\/clubnauticoderota.com\/#website\",\"url\":\"https:\/\/clubnauticoderota.com\/\",\"name\":\"Club N\u00e1utico de Rota\",\"description\":\"Club N\u00e1utico de Rota\",\"publisher\":{\"@id\":\"https:\/\/clubnauticoderota.com\/#organization\"},\"alternateName\":\"P\u00e1gina web oficial del Club N\u00e1utico de Rota\",\"potentialAction\":[{\"@type\":\"SearchAction\",\"target\":{\"@type\":\"EntryPoint\",\"urlTemplate\":\"https:\/\/clubnauticoderota.com\/?s={search_term_string}\"},\"query-input\":\"required name=search_term_string\"}],\"inLanguage\":\"es\"},{\"@type\":\"Organization\",\"@id\":\"https:\/\/clubnauticoderota.com\/#organization\",\"name\":\"Club N\u00e1utico de Rota\",\"url\":\"https:\/\/clubnauticoderota.com\/\",\"logo\":{\"@type\":\"ImageObject\",\"inLanguage\":\"es\",\"@id\":\"https:\/\/clubnauticoderota.com\/#\/schema\/logo\/image\/\",\"url\":\"https:\/\/clubnauticoderota.com\/wp-content\/uploads\/2023\/08\/cropped-WhatsApp_Image_2023-08-04_at_12.39.12-removebg-preview1.png\",\"contentUrl\":\"https:\/\/clubnauticoderota.com\/wp-content\/uploads\/2023\/08\/cropped-WhatsApp_Image_2023-08-04_at_12.39.12-removebg-preview1.png\",\"width\":499,\"height\":498,\"caption\":\"Club N\u00e1utico de Rota\"},\"image\":{\"@id\":\"https:\/\/clubnauticoderota.com\/#\/schema\/logo\/image\/\"},\"sameAs\":[\"https:\/\/www.facebook.com\/clubnauticoderota.nauticoderota\",\"https:\/\/twitter.com\/ClubNauticoRota\",\"https:\/\/www.instagram.com\/clubnauticoderota\/\"]}]}<\/script>\n<!-- \/ Yoast SEO plugin. -->","yoast_head_json":{"title":"Meteo Rota - Club N\u00e1utico de Rota","description":"WebCam en Rota, situada en el Hotel Playa de la Luz. Webcam, Rota, C\u00e1diz. Webcam en tiempo real en Rota.","robots":{"index":"index","follow":"follow","max-snippet":"max-snippet:-1","max-image-preview":"max-image-preview:large","max-video-preview":"max-video-preview:-1"},"canonical":"https:\/\/clubnauticoderota.com\/index.php\/webcam-rota\/","og_locale":"es_ES","og_type":"article","og_title":"Meteo Rota - Club N\u00e1utico de Rota","og_description":"WebCam en Rota, situada en el Hotel Playa de la Luz. Webcam, Rota, C\u00e1diz. Webcam en tiempo real en Rota.","og_url":"https:\/\/clubnauticoderota.com\/index.php\/webcam-rota\/","og_site_name":"Club N\u00e1utico de Rota","article_publisher":"https:\/\/www.facebook.com\/clubnauticoderota.nauticoderota","article_modified_time":"2025-01-24T18:01:05+00:00","og_image":[{"url":"https:\/\/clubnauticoderota.com\/wp-content\/uploads\/2023\/09\/image-2.png"}],"twitter_card":"summary_large_image","twitter_site":"@ClubNauticoRota","twitter_misc":{"Tiempo de lectura":"1 minuto"},"schema":{"@context":"https:\/\/schema.org","@graph":[{"@type":"WebPage","@id":"https:\/\/clubnauticoderota.com\/index.php\/webcam-rota\/","url":"https:\/\/clubnauticoderota.com\/index.php\/webcam-rota\/","name":"Meteo Rota - Club N\u00e1utico de Rota","isPartOf":{"@id":"https:\/\/clubnauticoderota.com\/#website"},"datePublished":"2023-09-11T11:51:14+00:00","dateModified":"2025-01-24T18:01:05+00:00","description":"WebCam en Rota, situada en el Hotel Playa de la Luz. Webcam, Rota, C\u00e1diz. Webcam en tiempo real en Rota.","breadcrumb":{"@id":"https:\/\/clubnauticoderota.com\/index.php\/webcam-rota\/#breadcrumb"},"inLanguage":"es","potentialAction":[{"@type":"ReadAction","target":["https:\/\/clubnauticoderota.com\/index.php\/webcam-rota\/"]}]},{"@type":"BreadcrumbList","@id":"https:\/\/clubnauticoderota.com\/index.php\/webcam-rota\/#breadcrumb","itemListElement":[{"@type":"ListItem","position":1,"name":"Portada","item":"https:\/\/clubnauticoderota.com\/"},{"@type":"ListItem","position":2,"name":"Meteo Rota"}]},{"@type":"WebSite","@id":"https:\/\/clubnauticoderota.com\/#website","url":"https:\/\/clubnauticoderota.com\/","name":"Club N\u00e1utico de Rota","description":"Club N\u00e1utico de Rota","publisher":{"@id":"https:\/\/clubnauticoderota.com\/#organization"},"alternateName":"P\u00e1gina web oficial del Club N\u00e1utico de Rota","potentialAction":[{"@type":"SearchAction","target":{"@type":"EntryPoint","urlTemplate":"https:\/\/clubnauticoderota.com\/?s={search_term_string}"},"query-input":"required name=search_term_string"}],"inLanguage":"es"},{"@type":"Organization","@id":"https:\/\/clubnauticoderota.com\/#organization","name":"Club N\u00e1utico de Rota","url":"https:\/\/clubnauticoderota.com\/","logo":{"@type":"ImageObject","inLanguage":"es","@id":"https:\/\/clubnauticoderota.com\/#\/schema\/logo\/image\/","url":"https:\/\/clubnauticoderota.com\/wp-content\/uploads\/2023\/08\/cropped-WhatsApp_Image_2023-08-04_at_12.39.12-removebg-preview1.png","contentUrl":"https:\/\/clubnauticoderota.com\/wp-content\/uploads\/2023\/08\/cropped-WhatsApp_Image_2023-08-04_at_12.39.12-removebg-preview1.png","width":499,"height":498,"caption":"Club N\u00e1utico de Rota"},"image":{"@id":"https:\/\/clubnauticoderota.com\/#\/schema\/logo\/image\/"},"sameAs":["https:\/\/www.facebook.com\/clubnauticoderota.nauticoderota","https:\/\/twitter.com\/ClubNauticoRota","https:\/\/www.instagram.com\/clubnauticoderota\/"]}]}},"_links":{"self":[{"href":"https:\/\/clubnauticoderota.com\/index.php\/wp-json\/wp\/v2\/pages\/308","targetHints":{"allow":["GET"]}}],"collection":[{"href":"https:\/\/clubnauticoderota.com\/index.php\/wp-json\/wp\/v2\/pages"}],"about":[{"href":"https:\/\/clubnauticoderota.com\/index.php\/wp-json\/wp\/v2\/types\/page"}],"author":[{"embeddable":true,"href":"https:\/\/clubnauticoderota.com\/index.php\/wp-json\/wp\/v2\/users\/1"}],"replies":[{"embeddable":true,"href":"https:\/\/clubnauticoderota.com\/index.php\/wp-json\/wp\/v2\/comments?post=308"}],"version-history":[{"count":37,"href":"https:\/\/clubnauticoderota.com\/index.php\/wp-json\/wp\/v2\/pages\/308\/revisions"}],"predecessor-version":[{"id":1168,"href":"https:\/\/clubnauticoderota.com\/index.php\/wp-json\/wp\/v2\/pages\/308\/revisions\/1168"}],"wp:attachment":[{"href":"https:\/\/clubnauticoderota.com\/index.php\/wp-json\/wp\/v2\/media?parent=308"}],"curies":[{"name":"wp","href":"https:\/\/api.w.org\/{rel}","templated":true}]}}